{"id":15,"date":"2021-07-21T10:49:57","date_gmt":"2021-07-21T17:49:57","guid":{"rendered":"https:\/\/faculty.engineering.asu.edu\/lind\/?page_id=15"},"modified":"2024-01-04T11:47:20","modified_gmt":"2024-01-04T18:47:20","slug":"publications","status":"publish","type":"page","link":"https:\/\/faculty.engineering.asu.edu\/lind\/publications\/","title":{"rendered":"Publications"},"content":{"rendered":"\n<p><a href=\"https:\/\/scholar.google.com\/citations?hl=en&amp;user=drRT_xcAAAAJ&amp;view_op=list_works&amp;sortby=pubdate\" data-type=\"URL\" data-id=\"https:\/\/scholar.google.com\/citations?hl=en&amp;user=drRT_xcAAAAJ&amp;view_op=list_works&amp;sortby=pubdate\" target=\"_blank\" rel=\"noreferrer noopener\">Check out all of Dr. Lind&#8217;s Publications &amp; Patents at Google Scholar<\/a><\/p>\n\n\n\n<p><\/p>\n\n\n\n<p><\/p>\n\n\n\n<ol class=\"wp-block-list\" reversed>\n<li>Kimberly C. Olney, Camila de \u00c1vila, Kennedi T. Todd, Lauren E. Tallant, J. Hudson Barnett, Katelin A. Gibson, Piyush Hota, Adithya Shyamala Pandiane, Pinar Cay Durgun, Michael Serhan, Ran Wang, Mary Laura Lind, Erica Forzani, Naomi M. Gades, Leslie F. Thomas &amp; John D. Fryer<br><a href=\"https:\/\/link.springer.com\/article\/10.1186\/s12974-023-03002-6?utm_source=rct_congratemailt&amp;utm_medium=email&amp;utm_campaign=oa_20240104&amp;utm_content=10.1186\/s12974-023-03002-6\">Commonly disrupted pathways in brain and kidney in a pig model of systemic endotoxemia<\/a><br><strong>Journal of Neuroinflammation<\/strong>, 2024, doi:10.1186\/s12974-023-03002-6<\/li>\n\n\n\n<li>Alexandro WL Chu, Melanie M Wong, Daniel G Rayner, Gordon H Guyatt, Juan Pablo D\u00edaz Martinez, Renata Ceccacci, Irene X Zhao, Eric McMullen, Archita Srivastava, Jason Wang, Aaron Wen, Fang Chi Wang, Romina Brignardello-Petersen, Ariel Izcovich, Paul Oykhman, Kathryn E Wheeler, Julie Wang, Jonathan M Spergel, Jasvinder A Singh, Jonathan I Silverberg, Peck Y Ong, Monica O\u2019Brien, Stephen A Martin, Peter A Lio, Mary Laura Lind, Jennifer LeBovidge, Elaine Kim, Joey Huynh, Matthew Greenhawt, Donna D Gardner, Winfred T Frazier, Kathy Ellison, Lina Chen, Korey Capozza, Anna De Benedetto, Mark Boguniewicz, Wendy Smith Begolka, Rachel N Asiniwasis, Lynda C Schneider, Derek K Chu<br><a href=\"https:\/\/www.sciencedirect.com\/science\/article\/pii\/S0091674923011120\">Systemic treatments for atopic dermatitis (eczema): systematic review and network meta-analysis of randomized trials<\/a><br><strong>Journal of Allergy and Clinical Immunology<\/strong>, 2023, doi:10.1016\/j.jaci.2023.08.029<\/li>\n\n\n\n<li>Elisabeth R Thomas, Jae Sang Lee, Hoda Shokrollahzadeh Behbahani, Ani Nazari, Yusi Li, Yi Yang, Matthew D Green, Mary Laura Lind<br><a rel=\"noreferrer noopener\" href=\"https:\/\/pubs.acs.org\/doi\/abs\/10.1021\/acsomega.2c08150\" data-type=\"URL\" data-id=\"https:\/\/pubs.acs.org\/doi\/abs\/10.1021\/acsomega.2c08150\" target=\"_blank\">Zwitterionic Copolymers for Anti-Scaling Applications in Simulated Spaceflight Wastewater Scenarios<\/a> <br><strong>ACS Omega<\/strong> 2023, 8, 21, 18462-18471 doi:10.1021\/acsomega.2c08150<\/li>\n\n\n\n<li>Manni Mo, Bo Fu, Piyush Hota, Pinar Cay-Durgun, Ran Wang, Edward H Cheng, Peter Wiktor, Francis Tsow, Leslie Thomas, Mary Laura Lind, Erica Forzani <br><a rel=\"noreferrer noopener\" href=\"https:\/\/www.mdpi.com\/1424-8220\/23\/7\/3496\" data-type=\"URL\" data-id=\"https:\/\/www.mdpi.com\/1424-8220\/23\/7\/3496\" target=\"_blank\">Threshold-Responsive Colorimetric Sensing System for the Continuous Monitoring of Gases<\/a>, <br><strong>Sensors <\/strong>2023, 23, 7, 3496 doi: 10.3390\/s23073496<\/li>\n\n\n\n<li>Lamar A Perry, Nick Guan Pin Chew, Kasia Grzebyk, Pinar Cay-Durgun, Mary Laura Lind, Paban Sitaula, Mustapha Soukri, Orlando Coronell <br><a rel=\"noreferrer noopener\" href=\"https:\/\/www.sciencedirect.com\/science\/article\/pii\/S0011916423000024\" data-type=\"URL\" data-id=\"https:\/\/www.sciencedirect.com\/science\/article\/pii\/S0011916423000024\" target=\"_blank\">Correlating the role of nanofillers with active layer properties and performance of thin-film nanocomposite membranes<\/a>, <br><strong>Desalination<\/strong>, 2023, 550, 116370, doi: 10.1016\/j.desal.2023.116370<\/li>\n\n\n\n<li>Keon Andre Maleki-Yazdi, Anja Fog Heen, Irene X Zhao, Gordon H Guyatt, Erica A Suzumura, Nima Makhdami, Lina Chen, Tonya Winders, Kathryn E Wheeler, Julie Wang, Jonathan Spergel, Jonathan I Silverberg, Peck Y Ong, Monica O\u2019Brien, Stephen A Martin, Peter A Lio, Mary Laura Lind, Jennifer LeBovidge, Elaine Kim, Joey Huynh, Matthew Greenhawt, Winfred T Frazier, Kathy Ellison, Korey Capozza, Anna De Benedetto, Mark Boguniewicz, Wendy Smith Begolka, Rachel Netahe Asiniwasis, Lynda C Schneider, Derek K Chu <br><a rel=\"noreferrer noopener\" href=\"https:\/\/jamanetwork.com\/journals\/jamadermatology\/article-abstract\/2800632\" data-type=\"URL\" data-id=\"https:\/\/jamanetwork.com\/journals\/jamadermatology\/article-abstract\/2800632\" target=\"_blank\">Values and Preferences of Patients and Caregivers Regarding Treatment of Atopic Dermatitis (Eczema): A Systematic Review<\/a> <br><strong>JAMA Dermatology<\/strong>, 2023, 159, 3, 320-330, doi: 10.1001\/jamadermatol.2022.6045 <\/li>\n\n\n\n<li>Yusi Li, Elisabeth R Thomas, Mariana Hernandez Molina, Stewart Mann, W Shane Walker, Mary Laura Lind, Fran\u00e7ois Perreault<br><a rel=\"noreferrer noopener\" href=\"https:\/\/www.sciencedirect.com\/science\/article\/pii\/S0011916422006786\" data-type=\"URL\" data-id=\"https:\/\/www.sciencedirect.com\/science\/article\/pii\/S0011916422006786\" target=\"_blank\">Desalination by membrane pervaporation: A Review<\/a><br><strong>Desalination<\/strong>, 547, 1, 116223, doi: 10.1016\/j.desal.2022.116223<\/li>\n\n\n\n<li>Niveditha Devasenapathy, Alexandro Chu, Melanie Wong, Archita Srivastava, Renata Ceccacci, Clement Lin, Margaret MacDonald, Aaron Wen, Jeremy Steen, Mitchell Levine, Lonnie Pyne, Lynda Schneider, Derek K Chu, Rachel Netahe Asiniwasis, Mark Boguniewicz, Lina Chen, Anna De Benedetto, Winfred T Frazier, Matthew Greenhawt, Joey Huynh, Elaine Kim, Jennifer LeBovidge, Mary Laura Lind, Peter A Lio, Stephen A Martin, Monica O&#8217;Brien, Peck Y Ong, Jonathan I Silverberg, Jonathan M Spergel, Julie Wang<br><a href=\"https:\/\/www.thelancet.com\/journals\/lanchi\/article\/PIIS2352-4642(22)00283-8\/fulltext\" data-type=\"URL\" data-id=\"https:\/\/www.thelancet.com\/journals\/lanchi\/article\/PIIS2352-4642(22)00283-8\/fulltext\">Cancer risk with topical calcineurin inhibitors, pimecrolimus and tacrolimus, for atopic dermatitis: a systematic review and meta-analysis<\/a>, <br><strong>The Lancet, Child &amp; Adolescent Health<\/strong>, 2023, 7, 1, 13-25 doi:10.1016\/S2352-4642(22)00283-8<\/li>\n\n\n\n<li>Juan Jos\u00e9 Yepes-Nu\u00f1ez, Gordon H Guyatt, Luis Guillermo G\u00f3mez-Escobar, Lucia C P\u00e9rez-Herrera, Alexandro WL Chu, Renata Ceccaci, Ana Sof\u00eda Acosta-Madiedo, Aaron Wen, Sergio Moreno-L\u00f3pez, Margaret MacDonald, M\u00f3nica Barrios, Xiajing Chu, Nazmul Islam, Ya Gao, Melanie M Wong, Rachel Couban, Elizabeth Garcia, Edgardo Chapman, Paul Oykhman, Lina Chen, Tonya Winders, Rachel Netahe Asiniwasis, Mark Boguniewicz, Anna De Benedetto, Kathy Ellison, Winfred T Frazier, Matthew Greenhawt, Joey Huynh, Elaine Kim, Jennifer LeBovidge, Mary Laura Lind, Peter Lio, Stephen A Martin, Monica O\u2019Brien, Peck Y Ong, Jonathan I Silverberg, Jonathan Spergel, Julie Wang, Kathryn E Wheeler, Lynda Schneider, Derek K Chu <br><a rel=\"noreferrer noopener\" href=\"https:\/\/www.sciencedirect.com\/science\/article\/pii\/S0091674922013227\" data-type=\"URL\" data-id=\"https:\/\/www.sciencedirect.com\/science\/article\/pii\/S0091674922013227\" target=\"_blank\">Allergen immunotherapy for atopic dermatitis: Systematic review and meta-analysis of benefits and harms<\/a>, <br><strong>Journal of Allergy and Clinical Immunology<\/strong>, 2023, 151, 1, 147-158 doi:10.1016\/j.jaci.2022.09.020<\/li>\n\n\n\n<li>Layla Bakaa, Jeffrey M Pernica, Rachel J Couban, Kelly Jo Tackett, Craig N Burkhart, Liz Leins, Joanne Smart, Maria Teresa Garcia-Romero, Itzel Guadalupe Elizalde-Jim\u00e9nez, Michael Herd, Rachel Netahe Asiniwasis, Mark Boguniewicz, Anna De Benedetto, Lina Chen, Kathy Ellison, Winfred Frazier, Matthew Greenhawt, Joey Huynh, Jennifer LeBovidge, Mary Laura Lind, Peter Lio, Monica O&#8217;Brien, Peck Y Ong, Jonathan I Silverberg, Jonathan M Spergel, Julie Wang, Wendy Smith Begolka, Lynda Schneider, Derek K Chu<br><a href=\"https:\/\/www.sciencedirect.com\/science\/article\/pii\/S1081120622002861\" data-type=\"URL\" data-id=\"https:\/\/www.sciencedirect.com\/science\/article\/pii\/S1081120622002861\">Bleach baths for atopic dermatitis: A systematic review and meta-analysis including unpublished data, Bayesian interpretation, and GRADE<\/a><br><strong>Annals of Allergy, Asthma &amp; Immunology<\/strong> 2022, 6, 128, 660-668e.9 doi:10.1016\/j.anai.2022.03.024<\/li>\n\n\n\n<li>Matthew Skiles, Euijin Yang, Orad Reshef, Diego Robalino Mu\u00f1oz, Diana Cintron, Mary Laura Lind, Alexander Rush, Patricia Perez Calleja, Robert Nerenberg, Andrea Armani, Kasey M. Faust, Manish Kumar*<br><a href=\"https:\/\/www.nature.com\/articles\/s41893-021-00823-2\">Conference demographics and footprint changed by virtual platforms<\/a> <br><strong>Nature Sustainability<\/strong> 2022, 5, 149-156 doi: 10.1038\/s41893-021-00823-2<\/li>\n\n\n\n<li>Elisabeth R Thomas, Amit Jain, Stewart C Mann, Yi Yang, Matthew D Green, W Shane Walker, Fran\u00e7ois Perreault, Mary Laura Lind*, Rafael Verduzco<br><a href=\"https:\/\/www.sciencedirect.com\/science\/article\/pii\/S0376738820310371\">Freestanding self-assembled sulfonated pentablock terpolymer membranes for high flux pervaporation desalination<\/a> <br><strong>Journal of Membrane Science<\/strong> 2020, 613, 1, 118460 doi: https:\/\/doi.org\/10.1016\/j.memsci.2020.118460<\/li>\n\n\n\n<li>Pinar Cay-Durgun, Sofia C. Herrera,&nbsp;Mary Laura Lind*<br><a href=\"https:\/\/www.sciencedirect.com\/science\/article\/abs\/pii\/S1387181119308157\">Filler materials to prevent polymer intrusion into mesoporous substrates during thin film formation<\/a><br><strong>Microporous and Mesoporous Materials<\/strong>&nbsp;2020, 296, 109956<br>doi: 10.1016\/j.micromeso.2019.109956<\/li>\n\n\n\n<li>Huidan Yin, Pinar Cay-Durgun, Tianmiao Lai, Guanghui Zhu, Kiah Engebretson, Regina Setiadji, Matthew Green,&nbsp;Mary Laura Lind*<br><a href=\"https:\/\/www.sciencedirect.com\/science\/article\/abs\/pii\/S0032386120302160\">Effect of ZIF-71 ligand-exchange surface modification on biofuel recovery through pervaporation<\/a><br><strong>Polymer<\/strong>&nbsp;195, May 2020<br>doi: 10.17352\/2455-8583.000039<\/li>\n\n\n\n<li>S Jimena Mora, Stewart Mann, Devon Bridgeman, Ashley Quach, Liliana Balsells, Anselmo Garcia,&nbsp;Mary Laura Lind, Richard Robbins, Xiaojun Xian*<br><a href=\"https:\/\/www.peertechz.com\/articles\/GJODMS-7-139.php\">Validation of a wearable metabolic tracker (Breezing ProTM) for Resting Energy Expenditure (REE) measurement via Douglas bag method<\/a><br><strong>Global Journal of Obesity, Diabetes and Metabolic Syndrome<\/strong>&nbsp;2020, March<br>doi: 10.1016\/j.micromeso.2019.109956<\/li>\n\n\n\n<li>Adam Inurria, Pinar Cay-Durgun, Douglas Rice, Haojie Zhang, Dong-Kyun Seo,&nbsp;Mary Laura Lind, Francois Perreault*<br><a href=\"https:\/\/www.sciencedirect.com\/science\/article\/pii\/S0011916418302005\">Polyamide thin-film nanocomposite membranes with graphene oxide nanosheets: Balancing membrane performance and fouling propensity<\/a> <strong>Desalination<\/strong>&nbsp;2018, 451, pp. 139-147 doi: 10.1016\/j.desal.2018.07.004<\/li>\n\n\n\n<li>Nay-Yuan Liu, Pinar Cay-Durgun, Tianmiao Lai, Mark Sprowls, Leslie Thomas*,&nbsp;Mary Laura Lind*, Erica Forzani*<br><a href=\"https:\/\/ieeexplore.ieee.org\/abstract\/document\/8404101\/\">A Handheld, Colorimetric Optoelectronic Dynamics Analyzer for Measuring Total Ammonia of Biological Samples<\/a><br><strong>IEEE Journal of Translational Engineering in Health and Medicine<\/strong>&nbsp;2018, 6, pp. 1-10<br>doi: 0.1109\/JTEHM.2018.2840678<\/li>\n\n\n\n<li>Yangbo Huang, Pinar Cay Durgun, Tianmiao Lai, Ping Yu and&nbsp;Mary Laura Lind*<br><a href=\"https:\/\/pubs.acs.org\/doi\/10.1021\/acs.iecr.8b00205\">Phenol removal from water by polyamide and AgCl mineralized thin film composite forward osmosis membranes<\/a><br><strong>Industrial &amp; Engineering Chemistry Research<\/strong>&nbsp;2018, 57, 20, pp.7021-7029<br>doi: 10.1021\/acs.iecr.8b00205<\/li>\n\n\n\n<li>Aditi Singhal* and&nbsp;Mary Laura Lind<br><a href=\"https:\/\/www.ncbi.nlm.nih.gov\/pmc\/articles\/PMC5863645\/\">Removal of pesticide toxicity by cysteine-capped Ag nanoparticles and study of their adsorption kinetics<\/a><br><strong>International Journal of Nanomedicine<\/strong>&nbsp;2018, 13, 25-29<br>doi: 10.2147\/IJN.S124700<\/li>\n\n\n\n<li>Pinar Cay Durgun and&nbsp;Mary Laura Lind*<br><a href=\"https:\/\/doi.org\/10.1016\/j.coche.2018.01.001\">Nanoporous materials in polymeric membranes for desalination<\/a><br><strong>Current Opinion in Chemical Engineering<\/strong> &nbsp;2018, 20 pp.19-27<br>doi: 110.1016\/j.coche.2018.01.001<\/li>\n\n\n\n<li>Huidan Yin, Afsaneh Khosravi, Liana O&#8217;Connor, Alexa Tagaban, Lindsay Wilson, Brandon Houck, Qianlang Liu,&nbsp;Mary Laura Lind*<br><a href=\"http:\/\/dx.doi.org\/10.1021\/acs.iecr.7b01833\">Effect of ZIF-71 particle size on free-standing ZIF-71\/PDMS composite membrane performances for ethanol and 1-butanol removal from water through pervaporation<\/a><br><strong>Industrial &amp; Engineering Chemistry Research<\/strong>&nbsp;2017, 56 (32) pp.9167-9176<br>doi: 10.1021\/acs.iecr.7b01833<\/li>\n\n\n\n<li>Huidan Yin, Ching Y. Lau, Michael Rozowski, Chelsea Howard, Yifei Xu, Tianmiao Lai, Michelle E. Dose, Ryan P. Lively,&nbsp;Mary Laura Lind*<br><a href=\"http:\/\/dx.doi.org\/10.1016\/j.memsci.2017.02.006\">Free-standing ZIF-71\/PDMS nanocomposite membranes for the recovery of ethanol and 1-butanol from water through pervaporation<\/a><br><strong>Journal of Membrane Science<\/strong>2017, 529 pp. 286-292<br>doi: 10.1016\/j.memsci.2017.02.006<\/li>\n\n\n\n<li>Haiyang Jin, Frederick Rivers, Huidan Yin, Tianmiao Lai, Pinar Cay Durgun, Afsaneh Khosravi,&nbsp;Mary Laura Lind*, Ping Yu<br><a href=\"http:\/\/pubs.acs.org\/doi\/abs\/10.1021\/acs.iecr.6b04287\">Synthesis of AgCl mineralized thin film composite polyamide membranes to enhance performance and antifouling properties in forward osmosis<\/a><br><strong>Industrial &amp; Engineering Chemistry Research<\/strong>, 2017, 56 (4) pp. 1064-1073<br>doi: 10.1021\/acs.iecr.6b04287<\/li>\n\n\n\n<li>Pinar Cay Durgun, Cailen McCloskey, John Konecny, Afsaneh Khosravi, and&nbsp;Mary Laura Lind*<br><a href=\"http:\/\/www.sciencedirect.com\/science\/article\/pii\/S0011916416305756\">Evaluation of thin film nanocomposite reverse osmosis membranes for long term brackish water desalination performance<\/a><br><strong>Desalination<\/strong>, 2017, 404 pp. 304-312<br>doi: 10.1016\/j.desal.2016.10.014<\/li>\n\n\n\n<li>Tianmiao Lai, Sudhanshu S. Singh, Arun Sundar S. Singaravelu, Kaushik Sridhar Vadari, Afsaneh Khosravi, Nikhilesh Chawla, and&nbsp;Mary Laura Lind*<br><a href=\"http:\/\/www.sciencedirect.com\/science\/article\/pii\/S0925838816314347\">Hydrogen permeability and mechanical properties of NiNb-M (M=Sn,Ti and Zr) amorphous metallic membranes<\/a><br><strong>Journal of Alloys and Compounds<\/strong>, 2016, 684 pp. 359 365<br>doi: 10.1016\/j.jallcom.2016.05.100<\/li>\n\n\n\n<li>Afsaneh Khosravi, Julia Ann King, Alexander Maltagliati, Andrew Dopilka, Katelyn Kline, Tony Nguyen, Tianmiao Lai, Sijie Yang, Shaojiang Chen, Dong-Kyun Seo, and&nbsp;Mary Laura Lind*<br><a href=\"http:\/\/pubs.acs.org\/doi\/abs\/10.1021\/acs.cgd.6b00133\">Coarsening and Spinodal Decomposition of Zeolite LTA Precursor Gels Aged at Low Temperatures<\/a><br><strong>Crystal Growth &amp; Design<\/strong>, 2016, 16 (6), pp 3224 3230<br>doi: 10.1021\/acs.cgd.6b00133<\/li>\n\n\n\n<li>Tianmiao Lai, Huidan Yin, and&nbsp;Mary Laura Lind*<br><a href=\"http:\/\/www.sciencedirect.com\/science\/article\/pii\/S0376738815003531\">The hydrogen permeability of Cu-Zr binary amorphous metallic membranes and the importance of thermal stability<\/a><br><strong>Journal of Membrane Science<\/strong>, 2015, 489, pp 264-269<br>doi:10.1016\/j.memsci.2015.03.098<\/li>\n\n\n\n<li>Tianmiao Lai and&nbsp;Mary Laura Lind*<br><a href=\"http:\/\/www.sciencedirect.com\/science\/article\/pii\/S0360319914030948\">Heat treatment driven surface segregation in Pd77Ag23 membranes and the effect on hydrogen permeability<\/a><br><strong>International Journal of Hydrogen Energy<\/strong>, 2015 , 40 (1), pp 373-382<br>doi:10.1016\/j.ijhydene.2014.11.017<\/li>\n\n\n\n<li>Heather L. Jamieson, Huidan Yin, Aaron Waller, Afsaneh Khosravi, and&nbsp;Mary Laura Lind*<br><a rel=\"noreferrer noopener\" href=\"http:\/\/www.sciencedirect.com\/science\/article\/pii\/S1387181114005204\" target=\"_blank\">Impact of acids on the structure and composition of Linde Type A zeolites for use in reverse osmosis membranes for recovery of urine-containing wastewaters<\/a><br><strong>Microporous &amp; Mesoporous Materials<\/strong>, 2015, 201 (1) pp 50-60<br>doi: 10.1016\/j.micromeso.2014.09.017<\/li>\n\n\n\n<li>Afsaneh Khosravi, Julia A. King, Heather L. Jamieson, and&nbsp;Mary Laura Lind*<br><a rel=\"noreferrer noopener\" href=\"http:\/\/pubs.acs.org\/doi\/abs\/10.1021\/la502812d?journalCode=langd5\" target=\"_blank\">Latex barrier thin film formation on porous substrates<\/a><br><strong>Langmuir<\/strong>, 2014, 30 (46), pp 13994 14003<br>doi: 10.1021\/la502812<\/li>\n\n\n\n<li>Pinar Cay-Durgun#, Shawn G. Fink#, Andrew Shabilla, Huidan Yin, Kenji A. Sasaki, and&nbsp;Mary Laura Lind*<br><a rel=\"noreferrer noopener\" href=\"http:\/\/www.tandfonline.com\/doi\/full\/10.1080\/01496395.2014.946147#.VAtShPmwLeA\" target=\"_blank\">Analysis of the water permeability of Linde Type A zeolites in reverse osmosis<\/a><br><strong>Separation Science and Technology<\/strong>, 2014, 49 (18), pp 2824-2833<br>doi: 10.1080\/01496395.2014.946147<br>#these authors had equal contributions<\/li>\n\n\n\n<li>The-Vinh Nguyen, MaryTheresa M. Pendergast, Mai Thanh Phong, Xue Jin, Fubing Peng,&nbsp;Mary Laura Lind, Eric M.V. Hoek<br><a rel=\"noreferrer noopener\" href=\"http:\/\/www.sciencedirect.com\/science\/article\/pii\/S0011916414000290\" target=\"_blank\">Relating fouling behavior and cake layer formation of alginic acid to the physiochemical properties of thin film composite and nanocomposite seawater RO membranes<\/a><br><strong>Desalination<\/strong>, 2014, 338 p.1-9<br>doi: 10.1016\/j.desal.2014.01.013<\/li>\n\n\n\n<li>Aditi Saraf, Kaitlin Johnson,&nbsp;Mary Laura Lind*<br><a rel=\"noreferrer noopener\" href=\"http:\/\/www.sciencedirect.com\/science\/article\/pii\/S0011916413005493\" target=\"_blank\">Poly(vinyl) alcohol coating of the support layer of reverse osmosis membranes to enhance performance in forward osmosis<\/a><br><strong>Desalination<\/strong>, 2014, 333, p.1-9<br>doi: 10.1016\/j.desal.2013.11.024<\/li>\n\n\n\n<li>Amit Yadav,&nbsp;Mary Laura Lind*, Xiaoli Ma, and Y.S. Lin<br><a rel=\"noreferrer noopener\" href=\"http:\/\/pubs.acs.org\/doi\/abs\/10.1021\/ie303240f\" target=\"_blank\">Nanocomposite silicalite-1\/Polydimethylsiloxane membranes for pervaporation of ethanol from dilute aqueous solutions<\/a><br><strong>Industrial &amp; Engineering Chemistry Research<\/strong>, 2013, 52 (14), pp 5207 5212<br>DOI: 10.1021\/ie303240f<\/li>\n\n\n\n<li>Ngoc Bui,&nbsp;Mary Laura Lind, Eric M.V. Hoek and Jeffrey McCutcheon<br>Electrospun nanofiber supported thin film composite membranes for engineered osmosis<br><strong>Journal of Membrane Science<\/strong>&nbsp;2011, 385-386, pp 10 19<br>DOI: 10.1016\/j.memsci.2011.08.002<br>(<a rel=\"noreferrer noopener\" href=\"http:\/\/www.sciencedirect.com\/science\/article\/pii\/S0376738811005795\" target=\"_blank\">pdf<\/a>)<\/li>\n\n\n\n<li>Mary Laura Lind, Daniel Eumine Suk, The-Vinh Nguyen, and Eric M.V. Hoek<br><a rel=\"noreferrer noopener\" href=\"http:\/\/pubs.acs.org\/doi\/full\/10.1021\/es101569p\" target=\"_blank\">Tailoring the structure of thin film nanocomposite membranes to achieve seawater RO membrane performance<br><\/a><strong>Environmental Science &amp; Technology<\/strong>&nbsp;2010, 44 (21), pp 8230 8235<br>DOI: 10.1021\/es101569p<br>PMID: 20942398<br>(<a href=\"http:\/\/www.ncbi.nlm.nih.gov\/pubmed\/20942398\">pdf<\/a>)<\/li>\n\n\n\n<li>Mary Laura Lind, Byeong Heon Jeong, Arun Subramani, Xiaofei Huang, and Eric M.V. Hoek<br><a rel=\"noreferrer noopener\" href=\"http:\/\/journals.cambridge.org\/action\/displayAbstract?fromPage=online&amp;aid=7949290\" target=\"_blank\">Effect of mobile cation on zeolite-polyamide thin film nanocomposite membranes<\/a><br><strong>Journal of Materials Research<\/strong>&nbsp;2009, 24, pp. 1624 1631<br>DOI: 10.1557\/jmr.2009.0189<br>(<a href=\"http:\/\/lind.engineering.asu.edu\/papers\/Lind_JMR_2009.pdf\">pdf<\/a>)<\/li>\n\n\n\n<li>Kahl A, Koeppe T, Bedorf D, Richert R,&nbsp;Lind ML, Demetriou MD, Johnson WL, Arnold W, Samwer K<br><a rel=\"noreferrer noopener\" href=\"http:\/\/dx.doi.org\/10.1063\/1.3266828\" target=\"_blank\">Dynamical and quasistatic structural relaxation paths in Pd40Ni40P20 glass<\/a><br><strong>Applied Physics Letters<\/strong>&nbsp;2009, 95<br>DOI: 10.1063\/1.3266828<\/li>\n\n\n\n<li>Mary Laura Lind, Asim K. Gosh, BH Jeong, Anna Jawor, William Hou, Eric M.V. Hoek<br><a rel=\"noreferrer noopener\" href=\"http:\/\/pubs.acs.org\/doi\/abs\/10.1021\/la900938x\" target=\"_blank\">Influence of zeolite crystal size on zeolite-polyamide thin film nanocomposite membranes<\/a><br><strong>Langmuir<\/strong>&nbsp;2009 25 (17) pp. 10139 10145<br>DOI: 10.1021\/la900938x<\/li>\n\n\n\n<li>Kim CP, Suh JY, Wiest, A,&nbsp;Lind ML, Conner RD, Johnson WL<br><a rel=\"noreferrer noopener\" href=\"http:\/\/www.sciencedirect.com\/science\/article\/pii\/S1359646208006490\" target=\"_blank\">Fracture toughness study of new Zr-based Be-bearing bulk metallic glasses<\/a><br><strong>Scripta Materialia<\/strong>&nbsp;2009 60 (2) pp. 80 83<br>DOI: 10.1016\/j.scriptamat.2008.09.001<\/li>\n\n\n\n<li>Douglas C Hofmann, Jin-Yoo Suh, Aaron Wiest,&nbsp;Mary Laura Lind, Marios D Demetriou, William L Johnson,<br><a rel=\"noreferrer noopener\" href=\"http:\/\/www.pnas.org\/content\/105\/51\/20136.abstract\" target=\"_blank\">Development of tough, low-density titanium-based bulk metallic glass matrix composites with tensile ductility<\/a><br><strong>Proceedings of the National Academy of Sciences of the United States of America<\/strong>&nbsp;2008 105 (51) pp. 20136-20140<br>DOI: 10.1073\/pnas.0809000106<\/li>\n\n\n\n<li>Douglas C Hofmann, Jin-Yoo Suh, Aaron Wiest, Gang Duan,&nbsp;Mary Laura Lind, Marios D Demetriou, William L Johnson,<br><a rel=\"noreferrer noopener\" href=\"http:\/\/www.ncbi.nlm.nih.gov\/pubmed\/18305540\" target=\"_blank\">Designing metallic glass matrix composites with high toughness and tensile ductility<\/a><br><strong>Nature<\/strong>&nbsp;2008 451 (7182) pp. 1085 1089<br>DOI: 10.1038\/nature06598<\/li>\n\n\n\n<li>Gang Duan, Aaron Wiest,&nbsp;Mary Laura Lind, Annelen Kahl, and William L Johnson,<br><a rel=\"noreferrer noopener\" href=\"http:\/\/www.sciencedirect.com\/science\/article\/pii\/S1359646207007786\" target=\"_blank\">Lightweight Ti-based bulk metallic glasses excluding late transition metals<\/a><br><strong>Scripta Materialia<\/strong>&nbsp;2008 58 (6) pp. 465-468<br>DOI: 10.1016\/j.scriptamat.2007.10.040<\/li>\n\n\n\n<li>Gang Duan, Katrien De Blauwe,&nbsp;Mary Laura Lind, Joseph P. Schramm, and William L Johnson<br><a rel=\"noreferrer noopener\" href=\"http:\/\/www.sciencedirect.com\/science\/article\/pii\/S1359646207007105\" target=\"_blank\">Compositional dependence of thermal, elastic, and mechanical properties in Cu-Zr-Ag bulk metallic glasses<\/a><br><strong>Scripta Materialia<\/strong>&nbsp;2008 58 (3) pp. 159-162<br>DOI: 10.1016\/j.scriptamat.2007.10.001<\/li>\n\n\n\n<li>Gang Duan, Aaron Wiest,&nbsp;Mary Laura Lind, John Li, Won-Kyu Rhim, and William L Johnson<br><a rel=\"noreferrer noopener\" href=\"http:\/\/onlinelibrary.wiley.com\/doi\/10.1002\/adma.200700969\/abstract\" target=\"_blank\">Bulk metallic glass with benchmark thermoplastic processability<\/a><br><strong>Advanced materials<\/strong>&nbsp;2007 19 (23) pp. 4272+<br>DOI: 10.1002\/adma.200700969<\/li>\n\n\n\n<li>William L Johnson, Marios D Demetriou, John S Harmon,&nbsp;Mary Laura Lind, Konrad Samwer<br><a rel=\"noreferrer noopener\" href=\"http:\/\/journals.cambridge.org.ezproxy1.lib.asu.edu\/action\/displayAbstract?fromPage=online&amp;aid=7960606\" target=\"_blank\">Rheology and ultrasonic properties of metallic glass-forming liquids: A potential energy landscape perspective<\/a><br><strong>MRS Bulletin<\/strong>&nbsp;2007 32 (8) pp. 644 650<br>DOI: 10.1557\/mrs2007.127<\/li>\n\n\n\n<li>Gang Duan,&nbsp;Mary Laura Lind, Katrien De Blauwe, Aaron Wiest, William L Johnson<br><a rel=\"noreferrer noopener\" href=\"http:\/\/apl.aip.org\/resource\/1\/applab\/v90\/i21\/p211901_s1\" target=\"_blank\">Thermal and elastic properties of Cu Zr Be bulk metallic glass forming alloys<\/a><br><strong>Applied Physics Letters<\/strong>&nbsp;2007 90, 211901<br>DOI: 10.1063\/1.2741050<\/li>\n\n\n\n<li>Mary Laura Lind, Gang Duan, William L. Johnson<br><a rel=\"noreferrer noopener\" href=\"http:\/\/link.aps.org\/doi\/10.1103\/PhysRevLett.97.015501\" target=\"_blank\">Isoconfigurational Elastic Constants and Liquid Fragility of a Bulk Metallic Glass Forming Alloy<\/a><br><strong>Physical Review Letters<\/strong>&nbsp;2006 97 (1) pp. 1 4<br>DOI: 10.1103\/PhysRevLett.97.015501<\/li>\n\n\n\n<li>Gang Duan,&nbsp;Mary Laura Lind, Marios D. Demetriou, William L. Johnson, William A. Goddard, Tahir Cagin, and Konrad Samwer<br><a rel=\"noreferrer noopener\" href=\"http:\/\/dx.doi.org\/10.1063\/1.2360203\" target=\"_blank\">Strong configurational dependence of elastic properties for a binary model metallic glass<\/a><br><strong>Applied Physics Letters<\/strong>&nbsp;2006 89 (151901)<br>DOI: 10.1063\/1.2360203<\/li>\n\n\n\n<li>Haein Choi-Yim, Donghua Xu,&nbsp;Mary Laura Lind, Jorg F. Loffler, William L. Johnson<br><a rel=\"noreferrer noopener\" href=\"http:\/\/www.sciencedirect.com\/science\/article\/pii\/S1359646205005907\" target=\"_blank\">Structure and mechanical properties of bulk glass-forming Ni Nb Sn alloys<\/a><br><strong>Scripta Materialia<\/strong>&nbsp;2006 54 (2) p. 187-190<br>DOI: j.scriptamat.2005.09.040<\/li>\n<\/ol>\n","protected":false},"excerpt":{"rendered":"<p>Check out all of Dr. Lind&#8217;s Publications &amp; Patents at Google Scholar<\/p>\n","protected":false},"author":3,"featured_media":0,"parent":0,"menu_order":5,"comment_status":"closed","ping_status":"closed","template":"","meta":{"footnotes":""},"class_list":["post-15","page","type-page","status-publish","hentry"],"_links":{"self":[{"href":"https:\/\/faculty.engineering.asu.edu\/lind\/wp-json\/wp\/v2\/pages\/15","targetHints":{"allow":["GET"]}}],"collection":[{"href":"https:\/\/faculty.engineering.asu.edu\/lind\/wp-json\/wp\/v2\/pages"}],"about":[{"href":"https:\/\/faculty.engineering.asu.edu\/lind\/wp-json\/wp\/v2\/types\/page"}],"author":[{"embeddable":true,"href":"https:\/\/faculty.engineering.asu.edu\/lind\/wp-json\/wp\/v2\/users\/3"}],"replies":[{"embeddable":true,"href":"https:\/\/faculty.engineering.asu.edu\/lind\/wp-json\/wp\/v2\/comments?post=15"}],"version-history":[{"count":0,"href":"https:\/\/faculty.engineering.asu.edu\/lind\/wp-json\/wp\/v2\/pages\/15\/revisions"}],"wp:attachment":[{"href":"https:\/\/faculty.engineering.asu.edu\/lind\/wp-json\/wp\/v2\/media?parent=15"}],"curies":[{"name":"wp","href":"https:\/\/api.w.org\/{rel}","templated":true}]}}